late the remainder when l is divided by 8 - (-4)/(40/50).
12
What is the remainder when (6*-5)/(12 + (-436)/36) is divided by 69?
63
Let d = 12420 + -8784. Calculate the remainder when d is divided by 40.
36
Suppose 121*x - 54060 = -38*x. What is the remainder when 725 is divided by x?
45
Suppose -l - 2*k = -5, -2*l + 17*k = 13*k - 2. What is the remainder when (-5 + 3)*1 - (l - 42) is divided by 6?
1
Suppose -z + 4 = 0, o - 4*z - 53 = 91. Calculate the remainder when 299 is divided by o.
139
Let l = -5635 - -5840. What is the remainder when 798 is divided by l?
183
Let d(r) = -r**2 - 30*r + 149. Let w be d(-35). Let y = w - -101. What is the remainder when y is divided by 30?
15
Let g(t) = -87*t**3 + t**2 + t + 2. What is the remainder when 2365 is divided by g(-3)?
8
Let f = 3940 + -3842. Calculate the remainder when f is divided by 15.
8
Suppose 15*i = -531 + 5976. Calculate the remainder when i is divided by 86.
19
Let w(q) = -205*q - 3347. What is the remainder when 955 is divided by w(-17)?
127
Let c = 17 - -6. Let s = 26 + c. Calculate the remainder when s is divided by 17.
15
Let x be -1 - (-4 + 4) - -23. Let p = x + 0. What is the remainder when p is divided by (-12)/78 + 106/13?
6
Let l(m) = 139*m - 2505. What is the remainder when l(30) is divided by 5?
0
Let i(a) = -23*a - 20. Let c(m) = -m - 7. Let k be c(-10). Let s = k - 0. What is the remainder when s is divided by i(-1)?
0
Let v(p) = p**2 - 6*p + 10. Let d be v(4). Suppose -11 = -3*j - d*s + 99, s + 2 = 0. Calculate the remainder when 493 is divided by j.
37
Let q = 63 + -72. Let f(r) = -3*r - 22. Calculate the remainder when 6 is divided by f(q).
1
Let f = 433 + -494. Let r = 78 + f. What is the remainder when 151 is divided by r?
15
Let w be (-122)/(-20) + (-5)/50. Let y(g) = 13*g**2 - 36*g + 162. What is the remainder when y(w) is divided by 107?
93
What is the remainder when 379 is divided by (110/(-4))/(1395/(-60) + 22)?
5
Let u be 2/3*6/4 + 22. Let o = u - 18. Suppose 5 = o*r, -5*r + 26 = p + 2*p. Calculate the remainder when 18 is divided by p.
4
Let l = 5390 - 3948. What is the remainder when l is divided by 44?
34
Let m = -1500 + 2917. What is the remainder when m is divided by 102?
91
Let d = -96 - -99. Suppose -3*t + d*i = -132, -4*i + 3*i = t - 42. Let u = t - 31. Calculate the remainder when 45 is divided by u.
9
Suppose 2*i + 4*n = 502, 0 = -i - 4*i - 7*n + 1258. What is the remainder when i is divided by 10?
3
Let t = -1447 - -1464. What is the remainder when 1919 is divided by t?
15
Let i = -21835 + 21843. Let j = 478 - 56. What is the remainder when j is divided by i?
6
Suppose 3*i + 0*k - 3 = 3*k, -8 = -5*i + 4*k. Suppose -2*a + 2*s + 233 = 7, -4*a - i*s = -468. Calculate the remainder when a is divided by 17.
13
Suppose -3*z = -3*n + 186, -4*n - 2*z + 10 = -232. Let r = n + -36. What is the remainder when 198 is divided by r?
23
What is the remainder when 441 is divided by 6 - (6 + -5)/(11/(-121))?
16
Let b(y) = -25*y**2 + 2*y - 4. Let o be b(2). What is the remainder when 32 is divided by -32*(-2)/5 - o/(-125)?
8
Suppose 2*q - 1520 = 3*l, 0 = -5*q + 10*l - 8*l + 3811. Calculate the remainder when q is divided by 19.
3
Let a be 1*(-24)/6 - -46. Suppose -33 - a = -5*h + 5*q, -q = -2*h + 31. Calculate the remainder when 60 is divided by h.
12
Suppose 0 = 8*a - 318 - 26. What is the remainder when 300 is divided by a/(6*6/36)?
42
Let k(z) = 3*z - 3. Let c be 6*(-7)/21 + (1 - -4). Suppose 0 = -c*r + r + 22. Calculate the remainder when k(7) is divided by r.
7
Let c be 5/(-20)*0 + 0. Suppose -5*s + 4*j + 254 = 0, 5*j + 105 = 2*s - c*s. Calculate the remainder when s is divided by 26.
24
Suppose 7*w - 63 = 707. Suppose -130 - w = -15*h. Calculate the remainder when 88 is divided by h.
8
Let u(h) = h**3 + 2*h**2 + 2*h + 5. Let o be u(-3). Let y = -163 - -321. What is the remainder when y is divided by (6 - o)*2*1/2?
14
Suppose 247 = 18*v - 3*v + 22. Suppose 2*g - 300 = -64. What is the remainder when g is divided by v?
13
Suppose -11*k = 2*k - 26. Suppose k = -2*q - 2, 4*j - 4*q - 236 = 0. Suppose 0 = -5*i + j + 13. What is the remainder when 22 is divided by i?
8
Let v = -20 - -218. Let g = 204 - v. What is the remainder when 36 is divided by g?
0
Let p = 104 + -104. Suppose p = y - 10*y + 585. Suppose 0 = 19*r - 14*r - y. Calculate the remainder when 36 is divided by r.
10
Let l = 15064 + -14648. What is the remainder when l is divided by 79?
21
Let y(h) = h**3 + 17*h**2 + 17*h - 20. Let u be y(-6). Let c = u - 258. Calculate the remainder when 20 is divided by c.
4
Suppose -3120 = -285*r + 279*r. Let s = 805 - r. Calculate the remainder when s is divided by 36.
33
Suppose 5*v = 2*p + 54, -554*p = 3*v - 551*p - 45. What is the remainder when 43 is divided by v?
7
What is the remainder when 4*(-6)/36 - ((-52500)/18 + -11) is divided by 4?
3
Let y = 103 + -69. Let h = -16 + 152. Let x = h - 115. What is the remainder when y is divided by x?
13
Let f(h) = 7*h**3 - 31*h**2 - 19*h + 77. Calculate the remainder when 490 is divided by f(5).
80
Let h = 19685 + -19642. Calculate the remainder when 2961 is divided by h.
37
Suppose -3*m = -4*m + 8. Suppose s + 0*k - 2*k - 45 = 0, m = -2*k. What is the remainder when s is divided by (-66)/21 - -3 - 71/(-7)?
7
Let t be -8 + 2 + 9/3. Let o be t/((-2*(-1)/122)/(-1)). Suppose -o - 313 = -4*f. Calculate the remainder when f is divided by 32.
28
Suppose -18*h = -15*h - v - 426, -5*h + 2*v = -712. Calculate the remainder when h is divided by 63.
14
Suppose -5*o + 0*g + 110 = g, -o - 3*g + 36 = 0. Let l(p) = -p**2 + 28*p + 54. Calculate the remainder when l(13) is divided by o.
18
Suppose -307*w - 96255 = -330*w. What is the remainder when w is divided by 46?
45
Let s = 4215 - 2155. Calculate the remainder when s is divided by 138.
128
Let s = 1093 - 1086. Suppose -7 = 4*m - 91. Suppose 0 = -3*f + 4*g + 51, -f + m = -2*g + 4. Calculate the remainder when f is divided by s.
3
Calculate the remainder when 476 is divided by (-2 + 1 + 208)*((-481)/(-111))/13.
62
Let v(f) = -f**3 - 14*f**2 + 21*f - 39. Let b be v(-15). Let x = b + 135. Calculate the remainder when 11 is divided by x.
5
Let j = 41161 - 29049. Calculate the remainder when j is divided by 52.
48
Let k(n) = 7*n + 203. What is the remainder when 201 is divided by k(-26)?
12
Suppose 433*o - 9354 - 11333 = -7697. Suppose 228 = -0*k + 2*k. Calculate the remainder when k is divided by o.
24
Suppose -75 = -5*q - 5*i, -2*i + 52 = 5*q - 26. Suppose -q*k + 10 = -11*k, 2*d - 20 = 3*k. Calculate the remainder when 51 is divided by d.
12
Let u(g) = -5*g**3 - 2*g**2 + 17*g + 30. Let i be u(-4). Let c = i + -213. What is the remainder when c is divided by 13?
11
Let d(x) = -43*x + 19. Let c be d(-5). Suppose z + 2*z - c = 0. Suppose -z = -4*q - 18. What is the remainder when 29 is divided by q?
14
Suppose -c + 111 - 40 = 3*i, 5*c - 113 = -4*i. What is the remainder when 58 is divided by i?
14
Let b = -149 + 226. Let a be (13/(-39))/(2/(-12) + 0). Suppose 3*y + a = b. What is the remainder when 64 is divided by y?
14
Let r(k) = -762*k**3 + k**2 - 2. What is the remainder when r(-1) is divided by 155?
141
Let l = -12106 - -12511. What is the remainder when l is divided by 88?
53
Suppose 8*l - p = 3*l + 55, -p + 5 = l. Suppose q + 30 = 4*q. Calculate the remainder when l is divided by q.
0
Let k(l) = -l**3 - l**2 - 3*l + 1. What is the remainder when k(-5) is divided by 369/12 - 136/(-544)?
23
Calculate the remainder when 114 is divided by (-9 - (-531)/63)*-182*15/20.
36
Suppose -10*u - 2*u = -3*u. Calculate the remainder when (21 - 0) + 4 + u + -2 is divided by 8.
7
Suppose -5*h - 4*q = -83, 58 = h + 3*h - q. Let j be 3 + (3 - 0)/((-3)/2). Let i(s) = 37*s**2 + s + 2. Calculate the remainder when i(j) is divided by h.
10
Suppose i - o = -141 + 414, -4*i + o = -1107. What is the remainder when i is divided by 95?
88
Let h be (288/15)/16*(-20)/(-6). Suppose 10 = 6*s - 8*s, -v - h*s + 599 = 0. What is the remainder when v is divided by 62?
61
Suppose -3*k = 7*i - 2*i - 650, -i + 3*k + 148 = 0. What is the remainder when 396 is divided by i?
130
Suppose 53*m - 43*m = 2270. Let n = 249 - m. Calculate the remainder when 39 is divided by n.
17
Let f(d) = d**2 - 8*d + 24. Suppose 0 = 3*v + 2*v 